68 + 1292
58
What is the value of (-122 - (-190 - -28)) + (16 - 1)?
55
Calculate -461 + 485 + (-59 - 2).
-37
What is the value of 49 + -4 + 2 + (158 - 162)?
43
What is the value of 7 + 5 + 11 + -37 - (-70 - -1)?
55
What is the value of -2 + 4 + -2 + (1 + -1 - (759 + -766))?
7
What is the value of 73 + -9 + (-10 - 20 - 9)?
25
-32 - ((-19 - 9) + 29)
-33
What is the value of -23 + (-3 - (-7 + -44))?
25
Evaluate (-97 - -44) + 48 + 56.
51
Calculate (7 - (117 + 19)) + 42 + (-1 - -13).
-75
What is 63 - ((5 - ((5 - -8) + -14)) + 3)?
54
Evaluate (0 + 3 - 2) + 0 + -14 + (215 - 209).
-7
What is the value of 24 - (70 - 140 - -60)?
34
Evaluate -9 + 1 + 26 + (-12 - -1).
7
Evaluate 0 + (39 + -71 - (4 + -21)).
-15
-40 + (-8 - (-19 - 17))
-12
Calculate 12 + (130 + -166 - (1 + -12)) + 72 + -1.
58
What is the value of (90 - 86) + (1 - 21) + -11?
-27
What is the value of 2 - (123 + (29 + -12 - 25))?
-113
Evaluate (20 - (16 - -12)) + -107 - -31.
-84
What is the value of 15 + (0 + -8 + 5 + -108 - -8)?
-88
Evaluate 32 - (-8 - (54 - (-29 + 15))).
108
Evaluate -50 - -48 - (-69 + 91).
-24
-22 + (-12 - -23 - -2) + (41 - -4)
36
Calculate (-25 - 92) + (52 - 29).
-94
Calculate -22 - (-14 - (6 + -10)) - (8 - -3).
-23
Evaluate 106 + (-14 - (197 - 139)).
34
Evaluate -80 - ((-16 - -30) + -21).
-73
What is -34 - (-64 + 48 - (-9 - 5))?
-32
Evaluate (-40 - 14) + (-153 - -172).
-35
What is (-49 - -145 - 84) + (2 - (-3 + 38))?
-21
What is -14 + -34 + (16 - 42 - -18)?
-56
Evaluate -61 - (28 - (19 - -36) - -9).
-43
What is the value of 12 - (6 - (9 + (-8 - -32)))?
39
(2 - -1) + 61 + -7 - (-218 + 224)
51
What is (131 - 130) + 40 - 141?
-100
34 - ((17 - -20) + (21 - 70))
46
Calculate 6 + 82 + -12 - (0 - (7 + -8 + -12)).
63
What is the value of (3 - 12) + (571 - 549)?
13
71 - (1 + -1 - (56 + 16 + -74))
69
Calculate 45 + (47 - 27 - 14) + -17 + (2 - 1).
35
What is the value of -33 + (-30 - -36) - (-54 - 1)?
28
Evaluate -64 - ((-54 - 74) + 60).
4
Evaluate (184 - 188) + (-10 - -141) + -4 + 3 + -1.
125
Calculate 21 + (-1 - 52) - -44.
12
(-7 - -9) + 15 + (-121 - -217)
113
What is -32 - (15 - (8 + -3 + -21))?
-63
Evaluate 29 - 49 - (32 - (13 - 3)).
-42
What is the value of (-24 - 4) + 0 + (-1 - -2) - (-3423 - -3430)?
-34
Evaluate 1 - ((6 - -18 - -22) + (-7 - 16)).
-22
Calculate -15 - (-8 - -12) - (56 + -46).
-29
What is -41 + 40 + (-10 - 4)?
-15
What is (35 - -2) + -8 + (8 + (-5 - -3) - 4)?
31
Calculate (-16 - (3 + -4)) + (-3155 - -3207).
37
What is 4 - (-14 + (20 - -21) - 10)?
-13
11 - 3 - 19 - (3 + -150)
136
What is -24 + (24 - (7 + -9) - (-19 - -35))?
-14
Evaluate (-10 + 1 + 2 - (284 + -296)) + -60 + 182.
127
Calculate 30 + 85 + (18 - 30).
103
What is 5 - ((68 - 13) + -103)?
53
-1 - (-41 + (-17 - -34))
23
(-137 - 0) + 124 + -65
-78
Evaluate -42 + 14 - -44 - (-3 - -3 - -1).
15
Calculate 63 + (98 - 29) + -90.
42
Evaluate -7 - ((12 - (-2 + 69)) + 5).
43
Evaluate -1 - 59 - (29 + -39) - -15.
-35
Calculate (-1 - (7 + -4) - 4) + (113 - 133) + 1.
-27
Evaluate (12 + 42 + -17 - 22) + 6.
21
-33 - (-106 - -57 - -26)
-10
Evaluate 29 - (15 + 6 - 16 - -109).
-85
(-58 - (46 - 38)) + 33
-33
What is (831 + -1000 - (-2 + -38)) + 21?
-108
(19 - 70) + -45 + 20
-76
3 - -1 - (-6 + 7 + 15) - -50
38
(-21 - (-20 - -20)) + -7 + -5
-33
What is the value of -53 + -23 + 25 + 35?
-16
What is -63 + 19 - (-62 - -3)?
15
46 - (-92 + -19 + 232)
-75
What is the value of -47 + 68 + (-2 + 2 - 10)?
11
Evaluate (27 - (14 - 7)) + (2 - 1) - (549 - 539).
11
Calculate (8 - 4) + 0 - (4 - -43) - 11.
-54
Calculate (108 - 76) + (-2 - (-18 - (-2 + -1))).
45
Evaluate 113 - 93 - (-1 + 0).
21
Evaluate -2562 + 2544 - (0 - 17).
-1
Evaluate -7 - (22 - (14 - (28 - 9))).
-34
What is -87 - -92 - (-10 - -3)?
12
Calculate -2 + 98 + 1 - (-52 + 67 - (26 + 0)).
108
What is (11 - -1) + (70 - (-19 + 45) - -33)?
89
Evaluate 43 + -10 + -28 - -32 - 30.
7
What is the value of 10 - (-34 + (65 - 36) - (-2 + -87 + 1))?
-73
Evaluate 5 - (-41 + 49 + (3 + -13 - 18)).
25
Evaluate 105 + (-2 - -3) - (29 - (-45 + 110 - 32)).
110
Evaluate -95 - -49 - -62 - ((-2 - -4) + -2).
16
Evaluate 17 - (1112 + -1115 - (-2 - 83 - 0)).
-65
What is (-69 + 50 - -14) + (8 - 0) - 57?
-54
What is -66 + (26 - 54 - -46)?
-48
Calculate 55 - (162 + -54 - 70).
17
What is the value of 97 + (21 + -36 - 59)?
23
What is 43 - (25 - -25 - 56)?
49
What is the value of 38 + -39 + -29 + (-10 - 21)?
-61
What is 1 + -51 + (-135 - -186)?
1
Calculate 4 + -2 - -10 - ((29 - -7) + -127).
103
What is the value of (17 - -21 - 37) + -54?
-53
Calculate 1 + 3 + (-7 + 61 - 58).
0
6 + -47 + 45 + 2 + -3 + 32
35
What is the value of (6 + 0 - -7) + -25 + (13 - 1)?
0
What is the value of -15 + -32 + 44 + -2 - -15?
10
What is 2 + 27 - (356 - 364)?
37
Calculate -16 + (-125 - -163 - (85 - 4)).
-59
Calculate -1 + 29 + (-24 - ((0 - 13) + -1)).
18
What is the value of 92 + -85 + 5 + (-3 - (4 + -5)) + 2?
12
What is the value of 17 + 4 - (-76 - -177)?
-80
What is the value of 3007 + -2992 + 24 + 0?
39
-33 + (-23 - -6) + (11 - (7 - 2)) + -2
-46
(-23583 - -23734) + -21 + -1
129
Evaluate 3 + -25 + 99 + -70 + 34.
41
Calculate 136 - ((-26 - -67) + 2 - 14).
107
Evaluate -73 + 128 + 53 + 8.
116
314 + -264 + -12 + -15
23
What is the value of 16 + (31 - (98 + 11) - 16)?
-78
Calculate -1 + (0 + -2 - -6 - -5) - (2 + 11).
-5
-3 - -1 - (-3 - (0 - 3)) - (-4179 - -4231)
-54
What is 26 + -69 - -27 - (1 + 13) - -15?
-15
Evaluate 21 - ((11 - 3) + 3) - -55.
65
What is the value of 0 + -47 + -749 + 786?
-10
Calculate 31 - (-13 + (-2 + 12 - -22)).
12
Evaluate 7 + 13 + -15 - -1 - (-8 + 18 + -55).
51
Calculate 18 - (31 - 14) - 22 - (-6 - 8).
-7
(12 - 18) + -13 + 9 + (6 - 2) + 14
8
What is (-3 - 27) + (121 - -20 - 20)?
91
What is 113 + -9 + ((-8 - 7) + 12 - (3 + -18))?
116
What is the value of 23 + 41 + -34 + 4 + -25 + -2?
7
Evaluate (1 - 2) + -20 - (-113 + 139).
-47
What is (4 - (11 + -12)) + -11 + 4 + -2?
-4
Calculate 61 - (-28 + -53 + 100).
42
Calculate -18 + 4 + -18 - -10.
-22
71 - (16 - (84 + -45))
94
(76 - 11) + -44 + -5 + (-34 - 3)
-21
Calculate -7 + (-36 + 78 - 30 - (2 + 45)).
-42
(53 - 61 - -132) + -67
57
What is the value of 5 - ((10 - 84) + -7 + 18 + 12)?
56
Evaluate (-26 - -87 - 11) + -13.
37
What is the value of -147 + (13 - -68) + (3 - 3)?
-66
What is -1 - -2 - -13 - ((-50 - (-66 + 38)) + -60)?
96
What is the value of 23 - ((-1 - (-17 + 11) - 3) + -7)?
28
Evaluate (16 - (32 - (27 - 12))) + -25 + 1.
-25
What is -4 - (-32 - (-2 - 13)) - 18 - -69?
64
-69 + -15 + 36 - -6
-42
What is (50 - (-51 - -20 - -25)) + 8?
64
(3 - (-3 - -8)) + (-810 - -856)
44
What is 6 - (7 - 4 - -8) - (-110 - -120)?
-15
(27 - 42) + -17 + (45 - 27)
-14
What is (-9 + 13 - 3) + 4 + (-55 + -3 - 2)?
-55
(18 - -3 - (0 + -8 + -2 - 0)) + 10
41
What is the value of 74 - (3 + 3 + 24 + (84 - 97))?
57
What is the value of -38 + -22 + 74 - (0 - -3) - 24?
-13
What is the value of -1 + 16 - (-165 + 81 + -15)?
114
What is -88 + (118 - (65 + -58))?
23
Calculate 12 + ((7 - 13) + 16 - (-3 + 4) - 88).
-67
What is 1 + -5 - (114 - (11 - -72))?
-35
(10 - (18 + (11 - -42))) + (-7 - (2 + -2))
-68
Evaluate -18 + -18 + 44 + -14 - 43.
-49
What is (-1 - -6) + (-336 - -310) - -63?
42
What is (558 - 455 - (-3 - (-1 + 18))) + -1?
122
What is (-23 - 22) + -7 + 31?
-21
Calculate 0 - (-13 - -86) - (-2 - (20 + -20)).
-71
What is 51 + 46 + -46 + 57?
108
Evaluate -24 - ((-269 - -301) + -1 + -18).
-37
What is 200 - 211 - (-27 - (-2 - (1 - -1)))?
12
Evaluate (38 - 0) + 36 + -43 - (12 - 7 - 12).
38
What is the value of -1 + 102 + -277 + 274 + -2 + (0 - -3)?
99
What is (-8 - 2) + 10 + -5 - -1 - (-3 + 6)?
-7
Evaluate 9 - ((-283 - -295) + -41 + 2).
36
What is 0 - 1 - (7 + 14 - 9) - (-79 - -36)?
30
Calculate 63 - ((146 - 31) + 3).
-55
635 + -695 + (11 + -3 - (7 + -3)) - -5
-51
Calculate (1 - -1) + (332 - 290 - (20 + -2) - 25).
1
-19 - ((-62 - (15 - 13)) + 3)
42
What is -89 + (43 - (56 + 17)) + 13?
-106
Calculate -85 + 53 + -6 - 18.
-56
What is -3 - 23 - (-23 + 13 - -37)?
-53
Evaluate 14 - (-21 + 13 + 22 + -20).
20
Calculate 60 + -7 + -46 + -44.
-37
Evaluate (0 + -1 - 5) + -87 + (19 - 36 - -24).
-86
Calculate 10 + 69 + (6 - 31) + -33.
21
298 + -198 - 100 - (-1 - -61)
-60
Evaluate -7 - (55 + -5) - -21.
-36
Calculate -4 + 58 - (-136 - -118).
72
4 + (23 - 29) + (-16 + 4 - -5) + 86
77
Evaluate (23 - -15) + -64 